{"id":2913,"date":"2021-02-10T00:46:14","date_gmt":"2021-02-10T00:46:14","guid":{"rendered":"http:\/\/www.redime.com.ec\/portal\/?page_id=2913"},"modified":"2022-01-06T10:50:32","modified_gmt":"2022-01-06T15:50:32","slug":"gestion-comercial","status":"publish","type":"page","link":"https:\/\/www.redime.com.ec\/portal\/gestion-comercial\/","title":{"rendered":"Gesti\u00f3n Comercial"},"content":{"rendered":"<p><section id=\"\" class=\"module p-t-0 p-b-0\"><div class=\"container\"><div class=\"row\">\n\t<div class=\"col-md-12\">\n\t<div class=\"core-divider-space\" style=\"padding-top: 80px;\"><\/div><\/div>\n<\/div>\n\n<div class=\"row\">\n\t<div class=\"col-md-6\">\n\t<div class=\"video-wrapper shortcode-container\">\n\t<iframe title=\"\u00bfC\u00d3MO HACEMOS GESTI\u00d3N COMERCIAL?\" width=\"300\" height=\"169\" src=\"https:\/\/www.youtube.com\/embed\/jRO3uV54uNk?feature=oembed\" frameborder=\"0\" allow=\"accelerometer; autoplay; clipboard-write; encrypted-media; gyroscope; picture-in-picture\" allowfullscreen><\/iframe><\/div>\n<\/div>\n<div class=\"col-md-6\">\n\t<h2 style=\"text-align: left;\"><span style=\"color: #ff5600;\"><span style=\"color: #000000;\">\u00bfDe qu\u00e9 manera apoyamos a tu negocio\u00a0<\/span>en la gesti\u00f3n comercial?<\/span><\/h2><p style=\"text-align: left;\">La gesti\u00f3n comercial es un pilar muy importante dentro de las compa\u00f1\u00edas; es la que permite administrar y gestionar de forma adecuada las actividades comerciales relevantes para una empresa, dentro de mercados que hoy en d\u00eda se encuentran saturados de productos y con una competencia muy fuerte. En este contexto, Redime ofrece los servicios de manejo y gesti\u00f3n comercial, con el objetivo de trabajar de manera conjunta en estrategias diferenciadoras, que\u00a0agreguen valor en los ciclos de relacionamiento con los clientes y aumenten la competitividad.<\/p><\/div>\n<\/div>\n\n<\/div><\/section><section id=\"\" class=\"module\"><div class=\"container\"><div class=\"row\">\n\t<div class=\"col-md-12\">\n\t<h2 style=\"text-align: center;\">\u00bfC\u00d3MO HACEMOS <span style=\"color: #ff5600;\">GESTI\u00d3N COMERCIAL?<\/span><\/h2><p style=\"text-align: center;\">Mediante las siguientes acciones:<\/p><\/div>\n<\/div>\n\n<div class=\"row\">\n\t<div class=\"col-md-3\">\n\t<div class=\"icon-box text-center\"><div class=\"icon-box-icon\"><span class=\"fa fa-list-alt\"><\/span><\/div><div class=\"icon-box-title\"><h6>Actualizaci\u00f3n de datos<\/h6><\/div><\/div><\/div>\n<div class=\"col-md-3\">\n\t<div class=\"icon-box text-center\"><div class=\"icon-box-icon\"><span class=\"unycon unycon-handshake\"><\/span><\/div><div class=\"icon-box-title\"><h6>Negociaci\u00f3n con establecimientos comerciales<\/h6><\/div><\/div><\/div>\n<div class=\"col-md-3\">\n\t<div class=\"icon-box text-center\"><div class=\"icon-box-icon\"><span class=\"unycon unycon-user-graph\"><\/span><\/div><div class=\"icon-box-title\"><h6>Capacitaciones especificas del giro de negocio<\/h6><\/div><\/div><\/div>\n<div class=\"col-md-3\">\n\t<div class=\"icon-box text-center\"><div class=\"icon-box-icon\"><span class=\"unycon unycon-mobile-user\"><\/span><\/div><div class=\"icon-box-title\"><h6>Levantamiento de informaci\u00f3n y novedades comerciales<\/h6><\/div><\/div><\/div>\n<\/div>\n\n<\/div><\/section><section id=\"\" class=\"module p-t-0 p-b-0 parallax bg-dark bg-dark-90\" data-background=\"http:\/\/www.redime.com.ec\/portal\/wp-content\/uploads\/2021\/06\/Material-gc-1.png\"><div class=\"container\"><div class=\"row\">\n\t<div class=\"col-md-12\">\n\t<div class=\"core-divider-space\" style=\"padding-top: 30px;\"><\/div><\/div>\n<\/div>\n\n<div class=\"row\">\n\t<div class=\"col-md-12\">\n\t<h2 style=\"text-align: center;\"><span style=\"color: #ff5600;\">\u00bfC\u00d3MO TRABAJAMOS?<\/span><\/h2><p style=\"text-align: center;\"><span style=\"color: #ffffff;\">Nuestro trabajo est\u00e1 orientado a generar resultados para tu empresa.<br \/><\/span><\/p><\/div>\n<\/div>\n\n<div class=\"row\">\n\t<div class=\"col-md-12\">\n\t<div class=\"core-divider-space\" style=\"padding-top: 20px;\"><\/div><\/div>\n<\/div>\n\n<div class=\"row\">\n\t<div class=\"col-md-2\">\n\t<div class=\"icon-box text-center\"><div class=\"icon-box-icon\"><span class=\"unycon unycon-hand-cash\"><\/span><\/div><div class=\"icon-box-title\"><h6>1. DETECTAMOS  NECESIDADES<\/h6><\/div><\/div><\/div>\n<div class=\"col-md-2\">\n\t<div class=\"icon-box text-center\"><div class=\"icon-box-icon\"><span class=\"fa fa-pencil-square\"><\/span><\/div><div class=\"icon-box-title\"><h6>2. DISE\u00d1AMOS EL PROYECTO<\/h6><\/div><\/div><\/div>\n<div class=\"col-md-2\">\n\t<div class=\"icon-box text-center\"><div class=\"icon-box-icon\"><span class=\"fa fa-location-arrow\"><\/span><\/div><div class=\"icon-box-title\"><h6>3. ARRANCAMOS EL SERVICIO<\/h6><\/div><\/div><\/div>\n<div class=\"col-md-2\">\n\t<div class=\"icon-box text-center\"><div class=\"icon-box-icon\"><span class=\"fa fa-line-chart\"><\/span><\/div><div class=\"icon-box-title\"><h6>4. APLICAMOS MEDIDAS DE MEJORA CONTINUA<\/h6><\/div><\/div><\/div>\n<div class=\"col-md-2\">\n\t<\/div>\n<div class=\"col-md-2\">\n\t<p><strong>CON EL APOYO DE:<\/strong><\/p><div class=\"icon-box icon-box-left\"><div class=\"icon-box-icon\"><i class=\"fa fa-users\"><\/i><\/div><div class=\"icon-box-title\"><h6>TALENTO HUMANO<\/h6><\/div><\/div><div class=\"icon-box icon-box-left\"><div class=\"icon-box-icon\"><i class=\"fa fa-cogs\"><\/i><\/div><div class=\"icon-box-title\"><h6>PROCESOS<\/h6><\/div><\/div><div class=\"icon-box icon-box-left\"><div class=\"icon-box-icon\"><i class=\"fa fa-desktop\"><\/i><\/div><div class=\"icon-box-title\"><h6>TECNOLOG\u00cdA<\/h6><\/div><\/div><\/div>\n<\/div>\n\n<\/div><\/section><section id=\"\" class=\"module\"><div class=\"container\"><div class=\"row\">\n\t<div class=\"col-md-12\">\n\t<h2 style=\"text-align: center;\">Todos nuestros proyectos de gesti\u00f3n comercial se realizan de <span style=\"color: #ff5600;\">acuerdo con las necesidades del cliente.<\/span><\/h2><\/div>\n<\/div>\n\n<\/div><\/section><\/p>\n","protected":false},"excerpt":{"rendered":"<p>\u00bfDe qu\u00e9 manera apoyamos a tu negocio\u00a0en la gesti\u00f3n comercial?La gesti\u00f3n comercial es un pilar muy importante dentro de las compa\u00f1\u00edas; es la que permite administrar y gestionar de forma adecuada las actividades comerciales relevantes para una empresa, dentro de mercados que hoy en d\u00eda se encuentran saturados de productos y con una competencia muy&hellip;<\/p>\n","protected":false},"author":4,"featured_media":0,"parent":0,"menu_order":0,"comment_status":"closed","ping_status":"closed","template":"","meta":{"_seopress_robots_primary_cat":"","_seopress_titles_title":"","_seopress_titles_desc":"","_seopress_robots_index":"","rs_blank_template":"","rs_page_bg_color":"","slide_template_v7":"","footnotes":""},"class_list":["post-2913","page","type-page","status-publish","hentry"],"_links":{"self":[{"href":"https:\/\/www.redime.com.ec\/portal\/wp-json\/wp\/v2\/pages\/2913","targetHints":{"allow":["GET"]}}],"collection":[{"href":"https:\/\/www.redime.com.ec\/portal\/wp-json\/wp\/v2\/pages"}],"about":[{"href":"https:\/\/www.redime.com.ec\/portal\/wp-json\/wp\/v2\/types\/page"}],"author":[{"embeddable":true,"href":"https:\/\/www.redime.com.ec\/portal\/wp-json\/wp\/v2\/users\/4"}],"replies":[{"embeddable":true,"href":"https:\/\/www.redime.com.ec\/portal\/wp-json\/wp\/v2\/comments?post=2913"}],"version-history":[{"count":38,"href":"https:\/\/www.redime.com.ec\/portal\/wp-json\/wp\/v2\/pages\/2913\/revisions"}],"predecessor-version":[{"id":4227,"href":"https:\/\/www.redime.com.ec\/portal\/wp-json\/wp\/v2\/pages\/2913\/revisions\/4227"}],"wp:attachment":[{"href":"https:\/\/www.redime.com.ec\/portal\/wp-json\/wp\/v2\/media?parent=2913"}],"curies":[{"name":"wp","href":"https:\/\/api.w.org\/{rel}","templated":true}]}}